{"id":679,"date":"2016-05-09T16:32:16","date_gmt":"2016-05-09T16:32:16","guid":{"rendered":"http:\/\/adamwilhelm.com\/?page_id=679"},"modified":"2017-05-28T11:55:00","modified_gmt":"2017-05-28T11:55:00","slug":"home","status":"publish","type":"page","link":"http:\/\/adamwilhelm.com\/?page_id=679","title":{"rendered":"Home"},"content":{"rendered":"<p><strong><a href=\"http:\/\/adamwilhelm.com\/?attachment_id=870\" rel=\"attachment wp-att-870\"><img decoding=\"async\" class=\"wp-image-870 alignleft\" src=\"http:\/\/adamwilhelm.com\/wp-content\/uploads\/2016\/05\/176480_107159212696428_8125048_o.jpeg\" alt=\"\" width=\"205\" height=\"306\" srcset=\"http:\/\/adamwilhelm.com\/wp-content\/uploads\/2016\/05\/176480_107159212696428_8125048_o.jpeg 1371w, http:\/\/adamwilhelm.com\/wp-content\/uploads\/2016\/05\/176480_107159212696428_8125048_o-201x300.jpeg 201w, http:\/\/adamwilhelm.com\/wp-content\/uploads\/2016\/05\/176480_107159212696428_8125048_o-768x1147.jpeg 768w, http:\/\/adamwilhelm.com\/wp-content\/uploads\/2016\/05\/176480_107159212696428_8125048_o-686x1024.jpeg 686w, http:\/\/adamwilhelm.com\/wp-content\/uploads\/2016\/05\/176480_107159212696428_8125048_o-920x1374.jpeg 920w, http:\/\/adamwilhelm.com\/wp-content\/uploads\/2016\/05\/176480_107159212696428_8125048_o-340x508.jpeg 340w, http:\/\/adamwilhelm.com\/wp-content\/uploads\/2016\/05\/176480_107159212696428_8125048_o-306x457.jpeg 306w, http:\/\/adamwilhelm.com\/wp-content\/uploads\/2016\/05\/176480_107159212696428_8125048_o-260x388.jpeg 260w\" sizes=\"(max-width: 205px) 100vw, 205px\" \/><\/a><\/strong><\/p>\n<p>&nbsp;<\/p>\n<p>&nbsp;<\/p>\n<p><strong>Adam Wilhelm<\/strong><\/p>\n<p>w teorii informatyk &#8211; programista, w praktyce fotograf z wieloletnim sta\u017cem. Absolwent warszawskiej Akademii Fotografii.\u00a0Praktykowa\u0142 u samego Samuela Arandy. Uczestnik Magnum Master Class. Finalista X edycji Grand Press Foto. Prywatnie niepoprawny optymista, wielbiciel krymina\u0142\u00f3w, plack\u00f3w ziemniaczanych i ostrego rocka.<\/p>\n<p>&nbsp;<\/p>\n<p>&nbsp;<\/p>\n<p>&nbsp;<\/p>\n<p>&nbsp;<\/p>\n<p>email: fotograf@adamwilhelm.com<\/p>\n<p>tel.: +48 602 275 840<\/p>\n","protected":false},"excerpt":{"rendered":"<p>&nbsp; &nbsp; Adam Wilhelm w teorii informatyk &#8211; programista, w praktyce fotograf z wieloletnim sta\u017cem. Absolwent warszawskiej Akademii Fotografii.\u00a0Praktykowa\u0142 u samego Samuela Arandy. Uczestnik Magnum Master Class. Finalista X edycji Grand Press Foto. Prywatnie niepoprawny optymista, wielbiciel krymina\u0142\u00f3w, plack\u00f3w ziemniaczanych i ostrego rocka. &nbsp; &nbsp; &nbsp; &nbsp; email: fotograf@adamwilhelm.com tel.: +48 602 275 840<\/p>\n","protected":false},"author":1,"featured_media":0,"parent":0,"menu_order":0,"comment_status":"closed","ping_status":"closed","template":"page_f.php","meta":{"ngg_post_thumbnail":0,"footnotes":""},"class_list":["post-679","page","type-page","status-publish","hentry"],"_links":{"self":[{"href":"http:\/\/adamwilhelm.com\/index.php?rest_route=\/wp\/v2\/pages\/679","targetHints":{"allow":["GET"]}}],"collection":[{"href":"http:\/\/adamwilhelm.com\/index.php?rest_route=\/wp\/v2\/pages"}],"about":[{"href":"http:\/\/adamwilhelm.com\/index.php?rest_route=\/wp\/v2\/types\/page"}],"author":[{"embeddable":true,"href":"http:\/\/adamwilhelm.com\/index.php?rest_route=\/wp\/v2\/users\/1"}],"replies":[{"embeddable":true,"href":"http:\/\/adamwilhelm.com\/index.php?rest_route=%2Fwp%2Fv2%2Fcomments&post=679"}],"version-history":[{"count":9,"href":"http:\/\/adamwilhelm.com\/index.php?rest_route=\/wp\/v2\/pages\/679\/revisions"}],"predecessor-version":[{"id":892,"href":"http:\/\/adamwilhelm.com\/index.php?rest_route=\/wp\/v2\/pages\/679\/revisions\/892"}],"wp:attachment":[{"href":"http:\/\/adamwilhelm.com\/index.php?rest_route=%2Fwp%2Fv2%2Fmedia&parent=679"}],"curies":[{"name":"wp","href":"https:\/\/api.w.org\/{rel}","templated":true}]}}